hat is the thousands digit of 11082684?
2
What is the hundred thousands digit of 470574?
4
What is the hundreds digit of 4087400?
4
What is the thousands digit of 367933?
7
What is the tens digit of 932636?
3
What is the units digit of 3795219?
9
What is the tens digit of 10481212?
1
What is the ten thousands digit of 97910?
9
What is the units digit of 11800190?
0
What is the units digit of 21890904?
4
What is the millions digit of 32427937?
2
What is the units digit of 3377774?
4
What is the millions digit of 7028294?
7
What is the tens digit of 1188194?
9
What is the millions digit of 1631173?
1
What is the thousands digit of 1497806?
7
What is the units digit of 6699709?
9
What is the ten millions digit of 30509459?
3
What is the units digit of 789130?
0
What is the thousands digit of 5411659?
1
What is the ten millions digit of 11802587?
1
What is the millions digit of 3773144?
3
What is the units digit of 718939?
9
What is the hundreds digit of 307178?
1
What is the ten thousands digit of 1955047?
5
What is the units digit of 91644?
4
What is the millions digit of 2614327?
2
What is the tens digit of 681011?
1
What is the millions digit of 1038854?
1
What is the hundred thousands digit of 2722042?
7
What is the ten thousands digit of 128486?
2
What is the ten thousands digit of 19669057?
6
What is the ten thousands digit of 238158?
3
What is the units digit of 150010?
0
What is the hundred thousands digit of 2684318?
6
What is the millions digit of 8857777?
8
What is the millions digit of 1270196?
1
What is the hundreds digit of 4253854?
8
What is the tens digit of 700462?
6
What is the hundred thousands digit of 242937?
2
What is the units digit of 197438?
8
What is the millions digit of 1489871?
1
What is the tens digit of 5509704?
0
What is the thousands digit of 24279941?
9
What is the units digit of 953089?
9
What is the units digit of 7167291?
1
What is the units digit of 10239915?
5
What is the ten thousands digit of 37083736?
8
What is the tens digit of 603139?
3
What is the hundred thousands digit of 579398?
5
What is the tens digit of 11781604?
0
What is the hundreds digit of 857297?
2
What is the units digit of 420070?
0
What is the hundred thousands digit of 281544?
2
What is the thousands digit of 55109?
5
What is the hundred thousands digit of 14487400?
4
What is the ten thousands digit of 1877575?
7
What is the tens digit of 929109?
0
What is the hundred thousands digit of 772756?
7
What is the units digit of 552398?
8
What is the tens digit of 158950?
5
What is the units digit of 18975107?
7
What is the units digit of 5472111?
1
What is the ten thousands digit of 15917007?
1
What is the ten millions digit of 10142020?
1
What is the hundred thousands digit of 296142?
2
What is the hundreds digit of 203535?
5
What is the thousands digit of 1388140?
8
What is the thousands digit of 11289062?
9
What is the hundreds digit of 22467514?
5
What is the ten thousands digit of 516989?
1
What is the tens digit of 1382097?
9
What is the hundred thousands digit of 138216?
1
What is the hundred thousands digit of 309324?
3
What is the hundreds digit of 142806?
8
What is the tens digit of 1929037?
3
What is the tens digit of 277769?
6
What is the hundred thousands digit of 1591703?
5
What is the units digit of 3666628?
8
What is the hundreds digit of 12867516?
5
What is the units digit of 746065?
5
What is the tens digit of 2633524?
2
What is the thousands digit of 10445071?
5
What is the hundreds digit of 314892?
8
What is the tens digit of 2999080?
8
What is the hundreds digit of 1286204?
2
What is the ten thousands digit of 1106742?
0
What is the tens digit of 275897?
9
What is the hundreds digit of 2583025?
0
What is the hundred thousands digit of 230097?
2
What is the thousands digit of 201258?
1
What is the units digit of 108510?
0
What is the hundred thousands digit of 1521759?
5
What is the ten thousands digit of 3873257?
7
What is the units digit of 1278500?
0
What is the hundreds digit of 12787692?
6
What is the hundred thousands digit of 263062?
2
What is the tens digit of 2248375?
7
What is the hundred thousands digit of 6862864?
8
What is the units digit of 649633?
3
What is the tens digit of 36015?
1
What is the units digit of 127344?
4
What is the tens digit of 216327?
2
What is the tens digit of 229682?
8
What is the hundreds digit of 11992159?
1
What is the units digit of 2735864?
4
What is the thousands digit of 2168739?
8
What is the units digit of 2116958?
8
What is the units digit of 859437?
7
What is the units digit of 1064805?
5
What is the ten thousands digit of 345056?
4
What is the units digit of 1600435?
5
What is the hundreds digit of 7722327?
3
What is the hundred thousands digit of 2907674?
9
What is the hundred thousands digit of 202667?
2
What is the hundreds digit of 2205162?
1
What is the hundred thousands digit of 14145374?
1
What is the hundred thousands digit of 4399154?
3
What is the tens digit of 62437?
3
What is the ten thousands digit of 1032974?
3
What is the hundreds digit of 2071644?
6
What is the hundred thousands digit of 993342?
9
What is the ten thousands digit of 2311056?
1
What is the tens digit of 1331759?
5
What is the hundreds digit of 371211?
2
What is the thousands digit of 112623?
2
What is the units digit of 3746718?
8
What is the tens digit of 22902?
0
What is the millions digit of 1098914?
1
What is the hundreds digit of 7042019?
0
What is the units digit of 507406?
6
What is the hundreds digit of 2572000?
0
What is the tens digit of 3294994?
9
What is the tens digit of 79698?
9
What is the ten thousands digit of 417010?
1
What is the ten thousands digit of 343282?
4
What is the units digit of 17999921?
1
What is the hundred thousands digit of 18131243?
1
What is the millions digit of 1040799?
1
What is the tens digit of 16131068?
6
What is the thousands digit of 116703?
6
What is the hundred thousands digit of 2688233?
6
What is the hundred thousands digit of 190529?
1
What is the hundreds digit of 5197594?
5
What is the millions digit of 3186164?
3
What is the units digit of 1480003?
3
What is the ten millions digit of 23849846?
2
What is the thousands digit of 23641?
3
What is the units digit of 510560?
0
What is the hundreds digit of 2935566?
5
What is the tens digit of 11017?
1
What is the millions digit of 1616955?
1
What is the units digit of 14619323?
3
What is the units digit of 24116123?
3
What is the ten thousands digit of 888611?
8
What is the units digit of 76066?
6
What is the tens digit of 964048?
4
What is the ten thousands digit of 4332416?
3
What is the units digit of 146709?
9
What is the thousands digit of 1010691?
0
What is the units digit of 5963465?
5
What is the hundred thousands digit of 506383?
5
What is the hundred thousands digit of 192772?
1
What is the units digit of 25454?
4
What is the thousands digit of 833567?
3
What is the ten thousands digit of 65429?
6
What is the hundreds digit of 272018?
0
What is the hundred thousands digit of 144157?
1
What is the hundreds digit of 87921?
9
What is the tens digit of 1496695?
9
What is the hundreds digit of 279602?
6
What is the hundreds digit of 3705838?
8
What is the hundreds digit of 5319?
3
What is the units digit of 6354142?
2
What is the thousands digit of 3846094?
6
What is the millions digit of 6165125?
6
What is the ten millions digit of 30420589?
3
What is the units digit of 729306?
6
What is the hundreds digit of 3309436?
4
What is the hundred thousands digit of 173575?
1
What is the ten thousands digit of 969176?
6
What is the units digit of 2345329?
9
What is the hundreds digit of 555274?
2
What is the hundred thousands digit of 4186628?
1
What is the hundreds digit of 58239?
2
What is the units digit of 709028?
8
What is the tens digit of 903448?
4
What is the thousands digit of 456422?
6
What is the tens digit of 1787566?
6
What is the ten thousands digit of 1416069?
1
What is the ten thousands digit of 6843971?
4
What is the hundred thousands digit of 251740?
2
What is the hundreds digit of 1701136?
1
What is the tens digit of 192423?
2
What is the hundreds digit of 5965908?
9
What is the hundreds digit of 114564?
5
What is the ten thousands digit of 454088?
5
What is the hundreds digit